{"id":3591,"date":"2025-04-25T14:54:08","date_gmt":"2025-04-25T14:54:08","guid":{"rendered":"https:\/\/villa-bellevue.si\/\/accommodation\/standard-apartment-verdi\/"},"modified":"2026-03-31T11:50:51","modified_gmt":"2026-03-31T11:50:51","slug":"standard-apartment-verdi","status":"publish","type":"accommodation","link":"https:\/\/villa-bellevue.si\/de\/unterkunft\/standard-apartment-verdi\/","title":{"rendered":"Standard Apartment Verdi"},"content":{"rendered":"","protected":false},"template":"","accommodation-type":[91],"class_list":["post-3591","accommodation","type-accommodation","status-publish","hentry","accommodation-type-wohnungen"],"yoast_head":"<!-- This site is optimized with the Yoast SEO plugin v27.2 - https:\/\/yoast.com\/product\/yoast-seo-wordpress\/ -->\n<title>Standard Apartment Verdi - Villa Bellevue<\/title>\n<meta name=\"description\" content=\"Verdi ist ein gem\u00fctliches Apartment f\u00fcr drei Personen und verf\u00fcgt \u00fcber ein Doppelbett, ein Schlafsofa, eine K\u00fcchenzeile sowie eine kleine Terrasse mit teilweisem Meerblick.\" \/>\n<meta name=\"robots\" content=\"index, follow, max-snippet:-1, max-image-preview:large, max-video-preview:-1\" \/>\n<link rel=\"canonical\" href=\"https:\/\/villa-bellevue.si\/de\/unterkunft\/standard-apartment-verdi\/\" \/>\n<meta property=\"og:locale\" content=\"de_DE\" \/>\n<meta property=\"og:type\" content=\"article\" \/>\n<meta property=\"og:title\" content=\"Standard Apartment Verdi - Villa Bellevue\" \/>\n<meta property=\"og:description\" content=\"Verdi ist ein gem\u00fctliches Apartment f\u00fcr drei Personen und verf\u00fcgt \u00fcber ein Doppelbett, ein Schlafsofa, eine K\u00fcchenzeile sowie eine kleine Terrasse mit teilweisem Meerblick.\" \/>\n<meta property=\"og:url\" content=\"https:\/\/villa-bellevue.si\/de\/unterkunft\/standard-apartment-verdi\/\" \/>\n<meta property=\"og:site_name\" content=\"Villa Bellevue\" \/>\n<meta property=\"article:publisher\" content=\"https:\/\/www.facebook.com\/villabellevueportoroz\" \/>\n<meta property=\"article:modified_time\" content=\"2026-03-31T11:50:51+00:00\" \/>\n<meta property=\"og:image\" content=\"https:\/\/villa-bellevue.si\/wp-content\/uploads\/2025\/04\/SPA0189_.webp\" \/>\n\t<meta property=\"og:image:width\" content=\"1000\" \/>\n\t<meta property=\"og:image:height\" content=\"650\" \/>\n\t<meta property=\"og:image:type\" content=\"image\/webp\" \/>\n<meta name=\"twitter:card\" content=\"summary_large_image\" \/>\n<script type=\"application\/ld+json\" class=\"yoast-schema-graph\">{\"@context\":\"https:\/\/schema.org\",\"@graph\":[{\"@type\":\"WebPage\",\"@id\":\"https:\/\/villa-bellevue.si\/de\/unterkunft\/standard-apartment-verdi\/\",\"url\":\"https:\/\/villa-bellevue.si\/de\/unterkunft\/standard-apartment-verdi\/\",\"name\":\"Standard Apartment Verdi - Villa Bellevue\",\"isPartOf\":{\"@id\":\"https:\/\/villa-bellevue.si\/de\/#website\"},\"datePublished\":\"2025-04-25T14:54:08+00:00\",\"dateModified\":\"2026-03-31T11:50:51+00:00\",\"description\":\"Verdi ist ein gem\u00fctliches Apartment f\u00fcr drei Personen und verf\u00fcgt \u00fcber ein Doppelbett, ein Schlafsofa, eine K\u00fcchenzeile sowie eine kleine Terrasse mit teilweisem Meerblick.\",\"breadcrumb\":{\"@id\":\"https:\/\/villa-bellevue.si\/de\/unterkunft\/standard-apartment-verdi\/#breadcrumb\"},\"inLanguage\":\"de\",\"potentialAction\":[{\"@type\":\"ReadAction\",\"target\":[\"https:\/\/villa-bellevue.si\/de\/unterkunft\/standard-apartment-verdi\/\"]}]},{\"@type\":\"BreadcrumbList\",\"@id\":\"https:\/\/villa-bellevue.si\/de\/unterkunft\/standard-apartment-verdi\/#breadcrumb\",\"itemListElement\":[{\"@type\":\"ListItem\",\"position\":1,\"name\":\"Startseite\",\"item\":\"https:\/\/villa-bellevue.si\/de\/\"},{\"@type\":\"ListItem\",\"position\":2,\"name\":\"Unterkunft\",\"item\":\"https:\/\/villa-bellevue.si\/de\/unterkunft\/\"},{\"@type\":\"ListItem\",\"position\":3,\"name\":\"Standard Apartment Verdi\"}]},{\"@type\":\"WebSite\",\"@id\":\"https:\/\/villa-bellevue.si\/de\/#website\",\"url\":\"https:\/\/villa-bellevue.si\/de\/\",\"name\":\"Villa Bellevue\",\"description\":\"Villa Bellevue\",\"publisher\":{\"@id\":\"https:\/\/villa-bellevue.si\/de\/#organization\"},\"potentialAction\":[{\"@type\":\"SearchAction\",\"target\":{\"@type\":\"EntryPoint\",\"urlTemplate\":\"https:\/\/villa-bellevue.si\/de\/?s={search_term_string}\"},\"query-input\":{\"@type\":\"PropertyValueSpecification\",\"valueRequired\":true,\"valueName\":\"search_term_string\"}}],\"inLanguage\":\"de\"},{\"@type\":\"Organization\",\"@id\":\"https:\/\/villa-bellevue.si\/de\/#organization\",\"name\":\"Villa Bellevue\",\"url\":\"https:\/\/villa-bellevue.si\/de\/\",\"logo\":{\"@type\":\"ImageObject\",\"inLanguage\":\"de\",\"@id\":\"https:\/\/villa-bellevue.si\/de\/#\/schema\/logo\/image\/\",\"url\":\"https:\/\/villa-bellevue.si\/wp-content\/uploads\/2025\/03\/Group-1.svg\",\"contentUrl\":\"https:\/\/villa-bellevue.si\/wp-content\/uploads\/2025\/03\/Group-1.svg\",\"width\":209,\"height\":88,\"caption\":\"Villa Bellevue\"},\"image\":{\"@id\":\"https:\/\/villa-bellevue.si\/de\/#\/schema\/logo\/image\/\"},\"sameAs\":[\"https:\/\/www.facebook.com\/villabellevueportoroz\",\"https:\/\/www.instagram.com\/villabellevueportoroz\/\"]}]}<\/script>\n<!-- \/ Yoast SEO plugin. -->","yoast_head_json":{"title":"Standard Apartment Verdi - Villa Bellevue","description":"Verdi ist ein gem\u00fctliches Apartment f\u00fcr drei Personen und verf\u00fcgt \u00fcber ein Doppelbett, ein Schlafsofa, eine K\u00fcchenzeile sowie eine kleine Terrasse mit teilweisem Meerblick.","robots":{"index":"index","follow":"follow","max-snippet":"max-snippet:-1","max-image-preview":"max-image-preview:large","max-video-preview":"max-video-preview:-1"},"canonical":"https:\/\/villa-bellevue.si\/de\/unterkunft\/standard-apartment-verdi\/","og_locale":"de_DE","og_type":"article","og_title":"Standard Apartment Verdi - Villa Bellevue","og_description":"Verdi ist ein gem\u00fctliches Apartment f\u00fcr drei Personen und verf\u00fcgt \u00fcber ein Doppelbett, ein Schlafsofa, eine K\u00fcchenzeile sowie eine kleine Terrasse mit teilweisem Meerblick.","og_url":"https:\/\/villa-bellevue.si\/de\/unterkunft\/standard-apartment-verdi\/","og_site_name":"Villa Bellevue","article_publisher":"https:\/\/www.facebook.com\/villabellevueportoroz","article_modified_time":"2026-03-31T11:50:51+00:00","og_image":[{"width":1000,"height":650,"url":"https:\/\/villa-bellevue.si\/wp-content\/uploads\/2025\/04\/SPA0189_.webp","type":"image\/webp"}],"twitter_card":"summary_large_image","schema":{"@context":"https:\/\/schema.org","@graph":[{"@type":"WebPage","@id":"https:\/\/villa-bellevue.si\/de\/unterkunft\/standard-apartment-verdi\/","url":"https:\/\/villa-bellevue.si\/de\/unterkunft\/standard-apartment-verdi\/","name":"Standard Apartment Verdi - Villa Bellevue","isPartOf":{"@id":"https:\/\/villa-bellevue.si\/de\/#website"},"datePublished":"2025-04-25T14:54:08+00:00","dateModified":"2026-03-31T11:50:51+00:00","description":"Verdi ist ein gem\u00fctliches Apartment f\u00fcr drei Personen und verf\u00fcgt \u00fcber ein Doppelbett, ein Schlafsofa, eine K\u00fcchenzeile sowie eine kleine Terrasse mit teilweisem Meerblick.","breadcrumb":{"@id":"https:\/\/villa-bellevue.si\/de\/unterkunft\/standard-apartment-verdi\/#breadcrumb"},"inLanguage":"de","potentialAction":[{"@type":"ReadAction","target":["https:\/\/villa-bellevue.si\/de\/unterkunft\/standard-apartment-verdi\/"]}]},{"@type":"BreadcrumbList","@id":"https:\/\/villa-bellevue.si\/de\/unterkunft\/standard-apartment-verdi\/#breadcrumb","itemListElement":[{"@type":"ListItem","position":1,"name":"Startseite","item":"https:\/\/villa-bellevue.si\/de\/"},{"@type":"ListItem","position":2,"name":"Unterkunft","item":"https:\/\/villa-bellevue.si\/de\/unterkunft\/"},{"@type":"ListItem","position":3,"name":"Standard Apartment Verdi"}]},{"@type":"WebSite","@id":"https:\/\/villa-bellevue.si\/de\/#website","url":"https:\/\/villa-bellevue.si\/de\/","name":"Villa Bellevue","description":"Villa Bellevue","publisher":{"@id":"https:\/\/villa-bellevue.si\/de\/#organization"},"potentialAction":[{"@type":"SearchAction","target":{"@type":"EntryPoint","urlTemplate":"https:\/\/villa-bellevue.si\/de\/?s={search_term_string}"},"query-input":{"@type":"PropertyValueSpecification","valueRequired":true,"valueName":"search_term_string"}}],"inLanguage":"de"},{"@type":"Organization","@id":"https:\/\/villa-bellevue.si\/de\/#organization","name":"Villa Bellevue","url":"https:\/\/villa-bellevue.si\/de\/","logo":{"@type":"ImageObject","inLanguage":"de","@id":"https:\/\/villa-bellevue.si\/de\/#\/schema\/logo\/image\/","url":"https:\/\/villa-bellevue.si\/wp-content\/uploads\/2025\/03\/Group-1.svg","contentUrl":"https:\/\/villa-bellevue.si\/wp-content\/uploads\/2025\/03\/Group-1.svg","width":209,"height":88,"caption":"Villa Bellevue"},"image":{"@id":"https:\/\/villa-bellevue.si\/de\/#\/schema\/logo\/image\/"},"sameAs":["https:\/\/www.facebook.com\/villabellevueportoroz","https:\/\/www.instagram.com\/villabellevueportoroz\/"]}]}},"_links":{"self":[{"href":"https:\/\/villa-bellevue.si\/de\/wp-json\/wp\/v2\/accommodation\/3591","targetHints":{"allow":["GET"]}}],"collection":[{"href":"https:\/\/villa-bellevue.si\/de\/wp-json\/wp\/v2\/accommodation"}],"about":[{"href":"https:\/\/villa-bellevue.si\/de\/wp-json\/wp\/v2\/types\/accommodation"}],"wp:attachment":[{"href":"https:\/\/villa-bellevue.si\/de\/wp-json\/wp\/v2\/media?parent=3591"}],"wp:term":[{"taxonomy":"accommodation-type","embeddable":true,"href":"https:\/\/villa-bellevue.si\/de\/wp-json\/wp\/v2\/accommodation-type?post=3591"}],"curies":[{"name":"wp","href":"https:\/\/api.w.org\/{rel}","templated":true}]}}

<!-- This site is optimized with the Yoast SEO plugin v27.2 - https://yoast.com/product/yoast-seo-wordpress/ -->
<title>Standard Apartment Verdi - Villa Bellevue</title>
<meta name="description" content="Verdi ist ein gemütliches Apartment für drei Personen und verfügt über ein Doppelbett, ein Schlafsofa, eine Küchenzeile sowie eine kleine Terrasse mit teilweisem Meerblick." />
<meta name="robots" content="index, follow, max-snippet:-1, max-image-preview:large, max-video-preview:-1" />
<link rel="canonical" href="https://villa-bellevue.si/de/unterkunft/standard-apartment-verdi/" />
<meta property="og:locale" content="de_DE" />
<meta property="og:type" content="article" />
<meta property="og:title" content="Standard Apartment Verdi - Villa Bellevue" />
<meta property="og:description" content="Verdi ist ein gemütliches Apartment für drei Personen und verfügt über ein Doppelbett, ein Schlafsofa, eine Küchenzeile sowie eine kleine Terrasse mit teilweisem Meerblick." />
<meta property="og:url" content="https://villa-bellevue.si/de/unterkunft/standard-apartment-verdi/" />
<meta property="og:site_name" content="Villa Bellevue" />
<meta property="article:publisher" content="https://www.facebook.com/villabellevueportoroz" />
<meta property="article:modified_time" content="2026-03-31T11:50:51+00:00" />
<meta property="og:image" content="https://villa-bellevue.si/wp-content/uploads/2025/04/SPA0189_.webp" />
	<meta property="og:image:width" content="1000" />
	<meta property="og:image:height" content="650" />
	<meta property="og:image:type" content="image/webp" />
<meta name="twitter:card" content="summary_large_image" />
<script type="application/ld+json" class="yoast-schema-graph">{"@context":"https://schema.org","@graph":[{"@type":"WebPage","@id":"https://villa-bellevue.si/de/unterkunft/standard-apartment-verdi/","url":"https://villa-bellevue.si/de/unterkunft/standard-apartment-verdi/","name":"Standard Apartment Verdi - Villa Bellevue","isPartOf":{"@id":"https://villa-bellevue.si/de/#website"},"datePublished":"2025-04-25T14:54:08+00:00","dateModified":"2026-03-31T11:50:51+00:00","description":"Verdi ist ein gemütliches Apartment für drei Personen und verfügt über ein Doppelbett, ein Schlafsofa, eine Küchenzeile sowie eine kleine Terrasse mit teilweisem Meerblick.","breadcrumb":{"@id":"https://villa-bellevue.si/de/unterkunft/standard-apartment-verdi/#breadcrumb"},"inLanguage":"de","potentialAction":[{"@type":"ReadAction","target":["https://villa-bellevue.si/de/unterkunft/standard-apartment-verdi/"]}]},{"@type":"BreadcrumbList","@id":"https://villa-bellevue.si/de/unterkunft/standard-apartment-verdi/#breadcrumb","itemListElement":[{"@type":"ListItem","position":1,"name":"Startseite","item":"https://villa-bellevue.si/de/"},{"@type":"ListItem","position":2,"name":"Unterkunft","item":"https://villa-bellevue.si/de/unterkunft/"},{"@type":"ListItem","position":3,"name":"Standard Apartment Verdi"}]},{"@type":"WebSite","@id":"https://villa-bellevue.si/de/#website","url":"https://villa-bellevue.si/de/","name":"Villa Bellevue","description":"Villa Bellevue","publisher":{"@id":"https://villa-bellevue.si/de/#organization"},"potentialAction":[{"@type":"SearchAction","target":{"@type":"EntryPoint","urlTemplate":"https://villa-bellevue.si/de/?s={search_term_string}"},"query-input":{"@type":"PropertyValueSpecification","valueRequired":true,"valueName":"search_term_string"}}],"inLanguage":"de"},{"@type":"Organization","@id":"https://villa-bellevue.si/de/#organization","name":"Villa Bellevue","url":"https://villa-bellevue.si/de/","logo":{"@type":"ImageObject","inLanguage":"de","@id":"https://villa-bellevue.si/de/#/schema/logo/image/","url":"https://villa-bellevue.si/wp-content/uploads/2025/03/Group-1.svg","contentUrl":"https://villa-bellevue.si/wp-content/uploads/2025/03/Group-1.svg","width":209,"height":88,"caption":"Villa Bellevue"},"image":{"@id":"https://villa-bellevue.si/de/#/schema/logo/image/"},"sameAs":["https://www.facebook.com/villabellevueportoroz","https://www.instagram.com/villabellevueportoroz/"]}]}</script>
<!-- / Yoast SEO plugin. -->

Verdi ist ein gemütliches Apartment für drei Personen und verfügt über ein Doppelbett, ein Schlafsofa, eine Küchenzeile sowie eine kleine Terrasse mit teilweisem Meerblick.
